{"id":312,"date":"2025-12-02T10:51:22","date_gmt":"2025-12-02T10:51:22","guid":{"rendered":"https:\/\/acredema.com.ar\/?page_id=312"},"modified":"2025-12-03T13:02:17","modified_gmt":"2025-12-03T13:02:17","slug":"pagoonline","status":"publish","type":"page","link":"https:\/\/acredema.com.ar\/index.php\/pagoonline\/","title":{"rendered":"PagoOnLine"},"content":{"rendered":"\t\t<div data-elementor-type=\"wp-page\" data-elementor-id=\"312\" class=\"elementor elementor-312\">\n\t\t\t\t<div class=\"elementor-element elementor-element-227b446 e-flex e-con-boxed e-con e-parent\" data-id=\"227b446\" data-element_type=\"container\" data-e-type=\"container\">\n\t\t\t\t\t<div class=\"e-con-inner\">\n\t\t\t\t<div class=\"elementor-element elementor-element-3da6e2b elementor-widget elementor-widget-heading\" data-id=\"3da6e2b\" data-element_type=\"widget\" data-e-type=\"widget\" data-widget_type=\"heading.default\">\n\t\t\t\t\t<h2 class=\"elementor-heading-title elementor-size-default\">\u00bfDispones de un cr\u00e9dito vigente con la Asociaci\u00f3n y quieres abonar la cuota desde la comodidad de tu casa?<\/h2>\t\t\t\t<\/div>\n\t\t\t\t<div class=\"elementor-element elementor-element-5342c61 elementor-absolute elementor-widget elementor-widget-image\" data-id=\"5342c61\" data-element_type=\"widget\" data-e-type=\"widget\" data-settings=\"{&quot;_position&quot;:&quot;absolute&quot;}\" data-widget_type=\"image.default\">\n\t\t\t\t\t\t\t\t\t\t\t\t\t\t\t<img fetchpriority=\"high\" decoding=\"async\" width=\"400\" height=\"192\" src=\"https:\/\/acredema.com.ar\/wp-content\/uploads\/2025\/11\/pattern.png\" class=\"attachment-large size-large wp-image-60\" alt=\"pattern\" title=\"PagoOnLine\">\t\t\t\t\t\t\t\t\t\t\t\t\t\t\t<\/div>\n\t\t\t\t\t<\/div>\n\t\t\t\t<\/div>\n\t\t<div class=\"elementor-element elementor-element-0a93ba8 e-flex e-con-boxed e-con e-parent\" data-id=\"0a93ba8\" data-element_type=\"container\" data-e-type=\"container\">\n\t\t\t\t\t<div class=\"e-con-inner\">\n\t\t\t\t<div class=\"elementor-element elementor-element-17a2d07 elementor-widget elementor-widget-text-editor\" data-id=\"17a2d07\" data-element_type=\"widget\" data-e-type=\"widget\" data-widget_type=\"text-editor.default\">\n\t\t\t\t\t\t\t\t\t<p class=\"wb-stl-custom3\" data-dnid=\"100081\"><span data-dnid=\"100089\">Realiza lo siguiente:<\/span><\/p><p class=\"wb-stl-custom3\" data-dnid=\"100083\"><span data-dnid=\"100091\">1-Corrobor\u00e1 el valor de la cuota en la copia del Contrato de Mutuo Dinerario que firmaste cuando recibiste el cr\u00e9dito. Si abonas fuera de t\u00e9rmino, escribinos a acredema@hotmail.com<\/span><span data-dnid=\"100092\">\u00a0\u00f3 al Whatsapp +5493424673909 para que te indiquemos el monto exacto (el que incluye el recargo).-<\/span><\/p><p class=\"wb-stl-custom3\" data-dnid=\"100083\"><span data-dnid=\"100092\"><br \/>2-Entra a la App \u00f3 por medio del HomeBanking de tu Banco de preferencia\u00a0y realiza una transferencia por el importe de la cuota a la siguiente cuenta:<br \/>CUENTA CORRIENTE EN PESOS BANCO SANTA FE<br \/>FILIAL: 569 (MONTE VERA)<br \/>TITULAR: A.CRE.DE.MA.<br \/>NRO.CUENTA: 569-160623\/05<br \/>CBU N\u00b0: 3300569825690160623055<br \/>Alias: COBROS.ACREDEMA<\/span><\/p><p class=\"wb-stl-custom3\" data-dnid=\"100083\"><span data-dnid=\"100092\"><br \/>3-Luego de ello, mandanos una copia \u00f3 captura del comprobante de la operaci\u00f3n a acredema@hotmail.com \u00f3 al Whatsapp +5493424673909 para que conciliemos el pago.<\/span><\/p><p class=\"wb-stl-custom3\" data-dnid=\"100083\"><span data-dnid=\"100092\"><br \/>4-Pasa a retirar el recibo y pagar\u00e9 correspondiente cuando te quede c\u00f3modo de Lunes a Viernes de 07:00 a 13:00 Hs. por la sede administrativa ubicada en la Municipalidad de Monte Vera.-<\/span><\/p><p><span data-dnid=\"100094\">-Si a\u00fan persisten dudas,\u00a0<a href=\"https:\/\/acredema.com.ar\/index.php\/contacto\/\" rel=\"noopener\">consultanos.<\/a><\/span><\/p>\t\t\t\t\t\t\t\t<\/div>\n\t\t\t\t<div class=\"elementor-element elementor-element-e2036ad elementor-absolute elementor-widget elementor-widget-image\" data-id=\"e2036ad\" data-element_type=\"widget\" data-e-type=\"widget\" data-settings=\"{&quot;_position&quot;:&quot;absolute&quot;}\" data-widget_type=\"image.default\">\n\t\t\t\t\t\t\t\t\t\t\t\t\t\t\t<img decoding=\"async\" width=\"200\" height=\"489\" src=\"https:\/\/acredema.com.ar\/wp-content\/uploads\/2025\/12\/pattern-v-1.png\" class=\"attachment-large size-large wp-image-627\" alt=\"pattern v 1\" title=\"PagoOnLine\">\t\t\t\t\t\t\t\t\t\t\t\t\t\t\t<\/div>\n\t\t\t\t\t<\/div>\n\t\t\t\t<\/div>\n\t\t\t\t<\/div>\n\t\t","protected":false},"excerpt":{"rendered":"<p>\u00bfDispones de un cr\u00e9dito vigente con la Asociaci\u00f3n y quieres abonar la cuota desde la comodidad de tu casa? Realiza [&hellip;]<\/p>\n","protected":false},"author":1,"featured_media":0,"parent":0,"menu_order":0,"comment_status":"closed","ping_status":"closed","template":"","meta":{"site-sidebar-layout":"no-sidebar","site-content-layout":"","ast-site-content-layout":"full-width-container","site-content-style":"default","site-sidebar-style":"default","ast-global-header-display":"","ast-banner-title-visibility":"","ast-main-header-display":"","ast-hfb-above-header-display":"","ast-hfb-below-header-display":"","ast-hfb-mobile-header-display":"","site-post-title":"disabled","ast-breadcrumbs-content":"","ast-featured-img":"disabled","footer-sml-layout":"","ast-disable-related-posts":"","theme-transparent-header-meta":"","adv-header-id-meta":"","stick-header-meta":"","header-above-stick-meta":"","header-main-stick-meta":"","header-below-stick-meta":"","astra-migrate-meta-layouts":"default","ast-page-background-enabled":"default","ast-page-background-meta":{"desktop":{"background-color":"var(--ast-global-color-5)","background-image":"","background-repeat":"repeat","background-position":"center center","background-size":"auto","background-attachment":"scroll","background-type":"","background-media":"","overlay-type":"","overlay-color":"","overlay-opacity":"","overlay-gradient":""},"tablet":{"background-color":"","background-image":"","background-repeat":"repeat","background-position":"center center","background-size":"auto","background-attachment":"scroll","background-type":"","background-media":"","overlay-type":"","overlay-color":"","overlay-opacity":"","overlay-gradient":""},"mobile":{"background-color":"","background-image":"","background-repeat":"repeat","background-position":"center center","background-size":"auto","background-attachment":"scroll","background-type":"","background-media":"","overlay-type":"","overlay-color":"","overlay-opacity":"","overlay-gradient":""}},"ast-content-background-meta":{"desktop":{"background-color":"var(--ast-global-color-4)","background-image":"","background-repeat":"repeat","background-position":"center center","background-size":"auto","background-attachment":"scroll","background-type":"","background-media":"","overlay-type":"","overlay-color":"","overlay-opacity":"","overlay-gradient":""},"tablet":{"background-color":"var(--ast-global-color-4)","background-image":"","background-repeat":"repeat","background-position":"center center","background-size":"auto","background-attachment":"scroll","background-type":"","background-media":"","overlay-type":"","overlay-color":"","overlay-opacity":"","overlay-gradient":""},"mobile":{"background-color":"var(--ast-global-color-4)","background-image":"","background-repeat":"repeat","background-position":"center center","background-size":"auto","background-attachment":"scroll","background-type":"","background-media":"","overlay-type":"","overlay-color":"","overlay-opacity":"","overlay-gradient":""}},"footnotes":""},"class_list":["post-312","page","type-page","status-publish","hentry"],"_links":{"self":[{"href":"https:\/\/acredema.com.ar\/index.php\/wp-json\/wp\/v2\/pages\/312","targetHints":{"allow":["GET"]}}],"collection":[{"href":"https:\/\/acredema.com.ar\/index.php\/wp-json\/wp\/v2\/pages"}],"about":[{"href":"https:\/\/acredema.com.ar\/index.php\/wp-json\/wp\/v2\/types\/page"}],"author":[{"embeddable":true,"href":"https:\/\/acredema.com.ar\/index.php\/wp-json\/wp\/v2\/users\/1"}],"replies":[{"embeddable":true,"href":"https:\/\/acredema.com.ar\/index.php\/wp-json\/wp\/v2\/comments?post=312"}],"version-history":[{"count":22,"href":"https:\/\/acredema.com.ar\/index.php\/wp-json\/wp\/v2\/pages\/312\/revisions"}],"predecessor-version":[{"id":764,"href":"https:\/\/acredema.com.ar\/index.php\/wp-json\/wp\/v2\/pages\/312\/revisions\/764"}],"wp:attachment":[{"href":"https:\/\/acredema.com.ar\/index.php\/wp-json\/wp\/v2\/media?parent=312"}],"curies":[{"name":"wp","href":"https:\/\/api.w.org\/{rel}","templated":true}]}}